. What is the highest common factor of 41 and o?
41
Let j = -3 + 8. Let s be 2 - j - 18/(-1). Calculate the highest common divisor of 135 and s.
15
Suppose 3*u + l = 6*u - 280, -3*u + 3*l + 282 = 0. Suppose 3*t - n = u, 5*t - 2*n + 0*n - 156 = 0. Calculate the greatest common divisor of t and 75.
15
Let w(c) = c + 14. Let a be w(0). Let f = 20 + -18. Calculate the highest common divisor of f and a.
2
Let q = 4 + -7. Let t(v) = -v**3 + 2*v. Let g be t(q). Let u be 8/3 + 1/3. What is the highest common divisor of g and u?
3
Suppose j + a = 3, -2*j + 5*j + 4*a - 12 = 0. Suppose -5*b - 5 + 25 = 0, j = m - 3*b - 10. What is the greatest common divisor of m and 2?
2
Let l = 16 + -14. Suppose -l*o + 5*o + i - 52 = 0, -3*o + 3*i = -60. Let f = -13 + 22. What is the highest common divisor of o and f?
9
Let q = 10 + -19. Let m = q + 31. Calculate the greatest common factor of 66 and m.
22
Suppose 5*d = -l - 18 + 4, 5*l + 3*d - 18 = 0. Suppose 2*o + 2*o = -p + 3, -p - 13 = -4*o. Calculate the greatest common factor of o and l.
2
Let t = -19 - -31. Calculate the highest common factor of 3 and t.
3
Let l be 2/((-26)/(-22) + -1). Let a(y) = y + 4. Let h be a(-3). Let p = 0 + h. What is the greatest common factor of l and p?
1
Let k(i) = i**2 - 10*i - 5. Let z be k(12). Calculate the greatest common factor of 57 and z.
19
Let o be (33/(-6))/(1/2). Let c(q) = 47*q + 5. Let m be c(o). Let s = -362 - m. Calculate the greatest common divisor of 15 and s.
15
Suppose -5*w = p - 66, 7*w - 3*w - 57 = -5*p. Calculate the highest common divisor of 26 and w.
13
Let g(m) = -3*m + 2 + 4 + 2*m + m**2. Let b be g(0). Let r = b + -4. What is the highest common factor of 2 and r?
2
Let j be (-4)/6 + 492/9. Let s(k) = -3*k + 12. Let q be s(-8). Calculate the greatest common divisor of j and q.
18
Let o = -21 - -33. Calculate the greatest common divisor of o and 108.
12
Let w be 1/(-2)*4 + 7. Suppose -5*k + 325 = -5*q, 0 = -w*k - 2*q - q + 365. Calculate the highest common divisor of 14 and k.
14
Let q = -2338 + 1201. Let n be 2/8 + q/(-12). Calculate the highest common factor of 38 and n.
19
Suppose 2*b + g = -g + 170, -5*b + 421 = g. Suppose -2*d = -b - 96. What is the greatest common factor of 18 and d?
18
Suppose 3*r = 2*o - 21, -5*o + r + r + 25 = 0. Suppose 0*z + 36 = o*z. Let d be -1 - (1 - -1) - -51. Calculate the greatest common divisor of d and z.
12
Let g = 3 + 5. Let j = g + -6. Suppose 2 + 6 = j*f, -4*f + 40 = d. Calculate the highest common factor of 60 and d.
12
Let w = -24 - -48. What is the highest common factor of 264 and w?
24
Let g = 1 - -1. Suppose -2*t = g*t + y - 15, 5*t = -5*y. Suppose 0*z + 5*w = -t*z + 170, 5*w = z - 22. Calculate the greatest common divisor of z and 80.
16
Suppose 3*r = 4*q - 32, -2*q - 2*r = -0*r - 2. Let i(m) = -m**3 + 7*m**2 - 4*m - 2. Let h be i(q). What is the highest common factor of h and 42?
14
Let j be 1/(3/(47 + 1)). Suppose 5*l - 41 = -j. Let v = 40 + -25. Calculate the highest common divisor of v and l.
5
Let b(q) = 3*q**2 - 2*q + 12. Let c be b(-6). Calculate the greatest common divisor of 12 and c.
12
Let n(u) = 6*u - 8. Let v be n(9). What is the greatest common factor of 69 and v?
23
Let t(x) = x**3 - 7*x**2 + 5*x + 12. Let p be t(6). What is the greatest common divisor of p and 15?
3
Let t be (3/9*-682)/((-4)/6). What is the highest common factor of 31 and t?
31
Let z(b) = b**3 - 4*b**2 - 2*b + 8. Let x be z(5). What is the greatest common factor of 184 and x?
23
Let g be -4*2/(-16)*10. What is the highest common factor of 25 and g?
5
Suppose -5*z + 100 = u + 4*u, 60 = 3*u + z. Let p(r) = 3*r - 10. Let w be p(5). Calculate the highest common factor of w and u.
5
Let d = -98 - -217. What is the highest common factor of d and 17?
17
Let p = -160 + 281. Suppose -2*q + 3*m = -p, -3*q + 92 = -2*m - 97. Calculate the greatest common divisor of q and 13.
13
Suppose 5*y - 35 = -5*s, -7 = 2*y - 5*s - 56. Calculate the greatest common factor of y and 12.
12
Let n = 17 - 7. Let v(c) = -c**3 + 10*c**2 + c - 1. Let t be v(n). What is the highest common factor of t and 27?
9
Let u be 1*((-16)/(-10) - 21/35). Calculate the greatest common divisor of u and 11.
1
Suppose 292 = 5*a - 408. Let z = 425 - a. Suppose 2*i - z = -i. Calculate the greatest common divisor of 19 and i.
19
Let r be (14/(-49))/(2/(-14)). Let v be (104/5)/(r/10). Calculate the greatest common factor of v and 13.
13
Let q be ((0 + -3)*1)/(-1). Let s be -42*q/(-12)*2. Let j = 10 - 3. Calculate the highest common divisor of j and s.
7
Let g(v) = 176*v**3 - 2*v**2 + 2. Let b be g(1). Let y be (-112)/(-7) - (-1 + 1). Calculate the greatest common factor of y and b.
16
Let h = -21 - -39. Calculate the greatest common factor of h and 12.
6
Let v(s) = 19*s**3 + 2*s**2 + s - 2. Let g be v(2). Calculate the highest common divisor of 20 and g.
20
Suppose -5*t - d + 35 = -26, -3*d = -4*t + 45. Let u = -41 - -59. Calculate the highest common factor of u and t.
6
Suppose -21 = t + 4*d + 23, -2*t - 3*d = 78. Let o = -24 - t. Calculate the highest common factor of 12 and o.
12
Suppose 795 = 4*x + 99. What is the highest common divisor of 6 and x?
6
Let c be (-42)/28 + 106/4. What is the highest common factor of c and 200?
25
Let t be 2/(-3) - 14/(-3). Suppose 0*d + 4 = t*d. Let j = 2 - 1. What is the highest common divisor of d and j?
1
Let d be -5 + 2 - (1 - 31). Let o be (0 + 9/(-6))*-4. Suppose 0*n + o = 2*n. What is the highest common factor of n and d?
3
Let v(j) = -j**3 - 21*j**2 - 11*j. Let i be v(-21). Calculate the greatest common factor of 21 and i.
21
Suppose 0 = 6*x - 218 - 412. Let p(y) be the first derivative of y**4/2 + y**3/3 - y**2 - y - 1. Let v be p(2). Calculate the greatest common factor of v and x.
15
Let m be 60/(-8)*(-132)/9. Calculate the greatest common divisor of m and 10.
10
Let z = -117 + 229. Calculate the highest common factor of z and 14.
14
Let h(k) = 4*k**2 + 6*k. Let z be h(-6). What is the highest common factor of z and 12?
12
Let s be (53 - 1) + 1/(1/(-3)). What is the highest common divisor of 245 and s?
49
Let b = -60 + 115. Calculate the highest common factor of b and 5.
5
Let c be 22/(-165) - (-197)/15. Let l be (-5)/((-77)/(-39) + -2). Suppose -3*q = 2*q - l. Calculate the greatest common divisor of q and c.
13
Suppose -37 = -4*a + 35. Let k = -13 + a. Let d = k - 4. Calculate the highest common factor of d and 7.
1
Suppose -3*w - 5*i + 19 = 0, -w = 3*w + i - 31. What is the greatest common factor of w and 20?
4
Let w be 62*(6/4 + -1). Calculate the highest common divisor of w and 62.
31
Let y(p) = p**2 + p + 11. Let c be y(0). Suppose 0*a - 8 = -2*a. Let f be a/3*(-66)/(-4). What is the greatest common factor of c and f?
11
Suppose -3*g + 164 = 29. Calculate the highest common divisor of g and 18.
9
Suppose -3*o + 5 + 1 = 0. Suppose 3*y + 3*i + 2 = -4, 0 = -o*y + 2*i - 4. Let n be y/6*(1 - 40). What is the highest common divisor of n and 26?
13
Suppose p = 6*p - 440. Calculate the highest common divisor of 11 and p.
11
Suppose -2*a + 5*d - 1 = 10, 0 = 3*a - 5*d + 9. Suppose -r = -1, -a*c + 7 = -r - 4. Calculate the highest common divisor of 42 and c.
6
Let g(b) = b**3 + 5*b**2 - 5*b - 6. Suppose m + 2 = -2. Let d be g(m). What is the highest common divisor of 5 and d?
5
Let w = 86 - 78. What is the highest common divisor of w and 8?
8
Let n be 140/12 - (-4)/(-6). Calculate the highest common factor of n and 77.
11
Suppose 140*z - 64 = 136*z. What is the greatest common divisor of z and 16?
16
Let b = -64 - -109. What is the highest common factor of b and 5?
5
Let k = 231 - 112. Let a = 124 - 69. Suppose -131 = -4*v - 2*s + k, -v - 2*s + a = 0. What is the greatest common factor of v and 26?
13
Let l be 4 - (2 + 1) - -24. What is the highest common factor of 50 and l?
25
Let b(p) = 3*p + 45. Let w be b(0). Calculate the greatest common divisor of w and 5.
5
Let p(u) = u**2 - 7*u - 8. Let q be p(-6). Let m be 14500/q + (-2)/14. Calculate the highest common divisor of 23 and m.
23
Let n = -22 + 64. What is the greatest common factor of 12 and n?
6
Let l = -181 - -335. Let a be 1491/63 - (-5)/(-3). What is the highest common factor of l and a?
22
Suppose -3*d - 4*c = -22, 5*d + 4*c = 4*d + 10. Calculate the greatest common factor of d 